ber?
False
Suppose -5*u - 4*x + 101 = 0, 33 + 4 = u + 5*x. Suppose -u = 5*q + 3*a, 0 = -4*q + 3*a + a + 12. Is (-47)/(-1*q/(-1)) composite?
False
Suppose 4*x - 5*i - 37 = 0, 5*x - 22 = 6*x + 5*i. Let z(l) = 3*l**2 + 4*l - 2. Is z(x) a prime number?
True
Let g be ((-12)/(-8))/((-2)/12). Let q(s) be the third derivative of -s**4 + 7*s**3/6 - s**2. Is q(g) prime?
True
Let z(q) = -q**3 + 5*q**2 + q - 2. Suppose 5*u + 5*i - 5 = 0, -2*u + i + 26 = -3*i. Let b be z(u). Suppose y = b*g + 97, 2*y + 0*g = 4*g + 186. Is y composite?
True
Is ((-4)/(-8))/((-4)/(-920) + 0) composite?
True
Let l(r) = r**2 - 8*r + 9. Let a be l(6). Is ((-1)/a)/((-2)/(-318)) composite?
False
Let l(h) = 24*h**2. Let d be l(1). Suppose -s = -1 - d. Is s a prime number?
False
Is (-4)/(-2) - 11394/(-18) prime?
False
Suppose -1052 = -5*w + w. Is w prime?
True
Let u be 3/(-4) + (-2384)/64. Let g = u - -249. Is g prime?
True
Let f(d) = d**2 - 4*d - 6. Let s be (-6 + 0)/((-3)/2). Suppose 26 = b - 4*z, -s*b - 4*z + 1 + 3 = 0. Is f(b) composite?
True
Suppose -2151 = -3*r - 735. Let w = r + -3. Is w composite?
True
Let y = -1 - -6. Suppose -4*r + 4*f = -1248, -4*f + y*f + 627 = 2*r. Let g = -184 + r. Is g prime?
True
Suppose 3*h - 2*l + 9 = 4*h, 0 = -4*h - l + 29. Suppose -2*r = -h*r + 230. Is r prime?
False
Let v(f) = -f**2 + 7*f + 9. Is v(5) prime?
True
Let m(x) = x - 1. Let r(w) = 2*w - 10. Let j(v) = 3*m(v) - r(v). Let g be j(-10). Is 106/(g/((-3)/2)) a prime number?
True
Let j be (12/8)/(2/4). Is 603/(-3)*j/(-9) a composite number?
False
Let t be ((-84)/70)/((-3)/(-10)). Let c(p) = 34*p**2 - 4*p + 5. Is c(t) a prime number?
False
Let u = 8 - 5. Suppose u*m - 3*g - g = 12, -8 = -2*m - 4*g. Suppose 0 = -m*x - x + 10. Is x prime?
True
Let b = 7 - 3. Let w = 3 - b. Is w*-1*67 - 2 prime?
False
Suppose -1 = 4*p - 9. Let f be 421/2 - (-1)/p. Suppose -3*y - 2*v = -f, -3*v - 15 = -6*v. Is y composite?
False
Let r be ((-116)/6)/((-4)/24). Is r/3 + 1/3 prime?
False
Let b be 16/(-6)*(-105)/20. Suppose k - 14 = b. Let j = k + -14. Is j a prime number?
False
Let y = 21 - 19. Suppose 3*r + 6 = 0, -3*r + 60 = y*t - 248. Is t a composite number?
False
Is 2/((4/(-62))/(56/(-8))) a composite number?
True
Let i(j) = 5*j - 1. Let l be i(-1). Is 186/4*(-4)/l prime?
True
Suppose g - 3*j = -0*g + 17, j = g - 7. Is (g/(-6))/((-1)/159) composite?
False
Suppose 0*x - 5*x = -1655. Is x prime?
True
Let m(r) = 149*r. Suppose -2*s = 3*n - 11, -s - 4*n = 2*s - 15. Is m(s) composite?
False
Let v(b) = -52*b + 17. Let t be v(-14). Suppose 3*n - 260 - t = 0. Is n composite?
True
Is 3*4/(-6) - -21 a prime number?
True
Let s = -65 - -96. Is s a composite number?
False
Let p(i) be the second derivative of 7*i**3/2 + i. Let x(y) = 325*y. Let o(j) = -78*p(j) + 5*x(j). Is o(-2) composite?
True
Is (-2 - 1)/(3/(-1583)) prime?
True
Suppose -2*d + 5*l = -4*d - 19, 20 = -4*l. Suppose -d*k = 20 - 125. Is k a composite number?
True
Is (56/(-7) + 7)/((-2)/21946) composite?
False
Suppose 2*v = 5*j + 9, 5*v - 3 - 2 = -5*j. Suppose v*q - 49 = 127. Suppose -3*r + 149 = -q. Is r a composite number?
False
Let t = -3 - 0. Let y = t - -3. Suppose 137 + 68 = 5*g + 2*k, g - 4*k - 19 = y. Is g a prime number?
False
Let n(y) be the second derivative of 2*y**3 + 5*y**2/2 - 3*y. Let t(l) = l**2 - 3*l - 3. Let b be t(5). Is n(b) a composite number?
False
Let a be ((-268)/6)/(2/(-3)). Let p = 106 - a. Suppose p = w + 2*c, 0*w = -w + 2*c + 31. Is w a composite number?
True
Let m be (-1 + 10)*(-28 - 1). Is 2/(-7) - m/7 prime?
True
Let s be (-2 - 1) + 4 - -2. Suppose 0*n - 273 = -s*n. Is n a prime number?
False
Let n be (-4)/6 - 56/(-3). Let g be 1022/n - (-4)/18. Suppose -2*l = l - g. Is l a composite number?
False
Let g(r) = -2*r**3 - 2*r**2 + 7*r - 1. Is g(-6) a prime number?
True
Suppose -5*a + 0 = -25. Suppose a*k - 722 = f, -3*f + 719 = 5*k - 5*f. Is k composite?
True
Let b = -4 - -5. Is b - (2/(-1) + -34) a prime number?
True
Let i = 128 + 179. Is i composite?
False
Suppose -11*o + 34234 - 1707 = 0. Is o prime?
True
Let f(p) = -p**3 + 3*p**2 + 5*p. Let k be f(4). Suppose 5*o = k*o + 47. Is o a prime number?
True
Suppose 0 = -2*y - z + 504, -5*y + 3*y + 2*z + 516 = 0. Suppose -5*p = -3*p - y. Is p a prime number?
True
Let h = 22 + -41. Is h/((1 - -1)/(-2)) a composite number?
False
Let m be (-8)/(-8) + 1/(-1). Suppose -2*d + d - 5*i + 274 = 0, m = d + i - 270. Is d composite?
False
Let w(p) = p**2. Let h(y) be the first derivative of -y**4/4 + y**3/3 + 3*y**2 - y + 2. Let i(a) = h(a) - 4*w(a). Is i(-5) a prime number?
True
Suppose -16*y = -14*y - 412. Is y prime?
False
Suppose 1136 = u + 7*u. Is u a composite number?
True
Suppose 1 = 4*r - 3*r. Let n = -3 + r. Is ((-330)/(-12))/(n/(-4)) a composite number?
True
Let b be (248/6)/(6/27). Suppose 4*d - 770 = -b. Is d composite?
True
Let v be -1 - (-2 + -3 + 2). Suppose 3*r = -5*o + 334, -r - 118 = -v*r + 5*o. Is r a prime number?
True
Let o(a) = 12*a - 3. Is o(1) a prime number?
False
Suppose 0 = p - 3*j + 7, 2*p + 2*j + 2 = 6*p. Suppose p*g = 3*g + 309. Let f = -118 - g. Is f a prime number?
True
Let w(k) = 159*k**2 - k - 1. Is w(1) composite?
False
Let r(k) = 43*k - 26. Is r(11) a prime number?
False
Let f(p) = 18*p**2 + 7*p + 4. Let u(v) = 35*v**2 + 13*v + 8. Let w(o) = -5*f(o) + 3*u(o). Suppose -4*b + 7 = 19. Is w(b) prime?
True
Let f(i) = -2*i**3 - i**2 + i + 2. Let s be (2/4)/(2/(-12)). Let w be f(s). Suppose 4*b = 12 + w. Is b a prime number?
False
Let m be (7 + -1 + -2)/1. Suppose 2*o = m*o - j - 456, 0 = -4*o - 4*j + 888. Is o a composite number?
True
Let z be ((-1)/3)/(5/(-75)). Suppose 3*j + 4*d - 132 - 43 = 0, -z*j + 340 = -3*d. Suppose 4*o - j = 19. Is o a prime number?
False
Is (-269)/(3/9 - 20/15) composite?
False
Is (-3)/((-3)/(-1)) + 158 prime?
True
Is (1 - -3297)*(-1)/(-2) composite?
True
Let c be (-2)/(-2)*(2 - -1). Suppose 0 = -4*w - 2*i + 202, 0 = -c*w + i + i + 169. Is w a composite number?
False
Let c = 59 - 22. Is c a prime number?
True
Let k = -5 + 14. Suppose 5*m + k = 2*m. Is 0/(m/(-1)) + 59 prime?
True
Is 0/(-6) - (-222)/2 a prime number?
False
Suppose 5*y + 28483 = -22157. Let w be 4/(-10) + y/(-20). Suppose -4*j - 118 = -w. Is j prime?
True
Let i = -5 + 8. Let f(y) = -y - y**3 + i + y + 5*y**2. Is f(4) a prime number?
True
Let r(i) = -i**2 + 2*i. Let f be r(3). Let v = f + -1. Let a(b) = 2*b**2 + b - 2. Is a(v) a prime number?
False
Suppose 2*z - 4404 = 674. Is z a composite number?
False
Let k(m) = m**3 - 5*m**2 - m + 2. Let q be k(5). Let r(o) be the third derivative of o**5/30 - o**4/12 + o**3/6 - 3*o**2. Is r(q) composite?
True
Suppose -l - 3*u = -3343, 0 = 3*u - u. Is l prime?
True
Let g be -6 + 5 + (1 - 0). Is g + (2 - -17)*17 prime?
False
Let w = 6 + -1. Suppose w*z + 150 = -5*f, -4*f + 0*f + 4*z - 120 = 0. Is (-56)/(-10) - 12/f a prime number?
False
Let y(p) = 30*p + 15. Let u be y(-7). Is 1954/30 - (-26)/u a prime number?
False
Suppose -k - 643 = -2*n, 0 = -3*n - 0*k - 2*k + 975. Is n a prime number?
False
Suppose 83*m = 86*m - 2157. Is m composite?
False
Suppose 2*s = 6*s - 12. Suppose -33 = -s*z + 30. Is z composite?
True
Suppose -7564 = -3*x + 3923. Is x a composite number?
True
Let n(p) = 203*p**3. Let q be n(1). Suppose 0 = -2*l - 3*f + q, 3*f = 4*l - 395 + 16. Is l prime?
True
Let c(i) = i**2 + 1. Suppose 0 = -l + 4 - 1. Suppose -m - 10 = j, -l*j - 8 = -j. Is c(m) a prime number?
True
Is (1492/2)/(-4 - (2 + -7)) a composite number?
True
Let v(k) = 3*k**2 + 4*k + 4. Is v(-3) composite?
False
Let k be 2*(0 - 3)/(-3). Let w(y) = 23*y**3 + 2*y**2 - 2*y + 3. Is w(k) prime?
True
Is (-7)/(-14) + (-11187)/(-6) a composite number?
True
Let o(c) = -c**2 - 10*c + 11. Let q be o(-11). Suppose q*r - 4*r = -940. Is r a prime number?
False
Suppose 0 = 4*a - 0*a - 8. Suppose -a*i + q = -3*q - 4, -2*i = 3*q + 3. Suppose -4*o + 10 + 34 = i. Is o a prime number?
True
Let a = -57 - -35. Suppose -w - 21 - 8 = 4*z, -5*z = -5*w - 20. Let x = w - a. Is x prime?
True
Suppose -i + 72 = -21. Is i composite?
True
Suppose 0 = 4*r - 5*k + 60, r + 3*k - 8*k = -15. Let p = r + 52. Is p a prime number?
True
Suppose -1910 = -5*v - 3*f, -2*v - 3*v + 2*f + 1910 = 0. Is v a prime number?
False
Is 2/3*(-5382)/(-12) a prime number?
False
Let b(h) be the third derivative of -5*h**4/24 - 